igit of 619566?
6
What is the thousands digit of 265694?
5
What is the thousands digit of 11790716?
0
What is the units digit of 2692238?
8
What is the thousands digit of 35713?
5
What is the ten thousands digit of 283154?
8
What is the units digit of 9558381?
1
What is the hundred thousands digit of 257833?
2
What is the millions digit of 1110777?
1
What is the thousands digit of 1054712?
4
What is the hundred thousands digit of 135738?
1
What is the tens digit of 8080615?
1
What is the units digit of 250140?
0
What is the units digit of 97463?
3
What is the ten thousands digit of 126337?
2
What is the hundred thousands digit of 9614303?
6
What is the ten thousands digit of 167674?
6
What is the tens digit of 3598728?
2
What is the ten thousands digit of 1241444?
4
What is the thousands digit of 13095566?
5
What is the thousands digit of 987615?
7
What is the hundred thousands digit of 6382078?
3
What is the ten thousands digit of 42931?
4
What is the ten thousands digit of 233800?
3
What is the ten thousands digit of 2691282?
9
What is the ten thousands digit of 4951059?
5
What is the hundred thousands digit of 2251328?
2
What is the thousands digit of 544385?
4
What is the tens digit of 132513?
1
What is the thousands digit of 1774261?
4
What is the tens digit of 120414?
1
What is the ten thousands digit of 10409408?
0
What is the ten millions digit of 23984318?
2
What is the units digit of 5434?
4
What is the ten thousands digit of 11354983?
5
What is the millions digit of 3626544?
3
What is the millions digit of 12400718?
2
What is the thousands digit of 9655?
9
What is the hundred thousands digit of 1535733?
5
What is the ten thousands digit of 44955?
4
What is the ten thousands digit of 916388?
1
What is the tens digit of 522467?
6
What is the tens digit of 2476584?
8
What is the units digit of 332787?
7
What is the units digit of 16873071?
1
What is the units digit of 886585?
5
What is the hundred thousands digit of 174791?
1
What is the tens digit of 4301024?
2
What is the tens digit of 8574?
7
What is the millions digit of 4548746?
4
What is the hundred thousands digit of 295375?
2
What is the thousands digit of 238975?
8
What is the ten thousands digit of 810940?
1
What is the ten thousands digit of 7905495?
0
What is the tens digit of 32613?
1
What is the ten thousands digit of 1542500?
4
What is the tens digit of 153667?
6
What is the thousands digit of 1479450?
9
What is the tens digit of 869151?
5
What is the hundred thousands digit of 183517?
1
What is the ten millions digit of 15898839?
1
What is the units digit of 10157013?
3
What is the tens digit of 371822?
2
What is the hundreds digit of 2190465?
4
What is the units digit of 18161529?
9
What is the millions digit of 1741591?
1
What is the thousands digit of 3589400?
9
What is the tens digit of 1563292?
9
What is the tens digit of 527738?
3
What is the thousands digit of 8809725?
9
What is the thousands digit of 271160?
1
What is the ten thousands digit of 212227?
1
What is the ten thousands digit of 578862?
7
What is the millions digit of 3157770?
3
What is the millions digit of 4740788?
4
What is the hundreds digit of 17203893?
8
What is the thousands digit of 222005?
2
What is the hundreds digit of 248335?
3
What is the hundred thousands digit of 2252792?
2
What is the tens digit of 528269?
6
What is the ten thousands digit of 16707255?
0
What is the ten thousands digit of 519147?
1
What is the units digit of 85843?
3
What is the ten thousands digit of 246635?
4
What is the thousands digit of 145140?
5
What is the units digit of 11464?
4
What is the hundreds digit of 155422?
4
What is the ten thousands digit of 5025536?
2
What is the hundreds digit of 321501?
5
What is the tens digit of 7454485?
8
What is the ten thousands digit of 31987?
3
What is the hundred thousands digit of 2136644?
1
What is the hundreds digit of 176188?
1
What is the thousands digit of 2756076?
6
What is the thousands digit of 1283380?
3
What is the hundreds digit of 891341?
3
What is the hundreds digit of 142812?
8
What is the units digit of 4819164?
4
What is the units digit of 4076360?
0
What is the tens digit of 269376?
7
What is the units digit of 483467?
7
What is the tens digit of 776247?
4
What is the ten thousands digit of 4317940?
1
What is the units digit of 255896?
6
What is the hundreds digit of 390033?
0
What is the units digit of 14754056?
6
What is the thousands digit of 368244?
8
What is the units digit of 503824?
4
What is the millions digit of 2910395?
2
What is the thousands digit of 56456?
6
What is the thousands digit of 139117?
9
What is the hundreds digit of 144964?
9
What is the millions digit of 23892935?
3
What is the units digit of 3691451?
1
What is the ten thousands digit of 53190?
5
What is the tens digit of 136774?
7
What is the ten thousands digit of 3349471?
4
What is the hundred thousands digit of 883465?
8
What is the thousands digit of 922780?
2
What is the ten thousands digit of 2748096?
4
What is the millions digit of 1646322?
1
What is the units digit of 10544196?
6
What is the millions digit of 5147616?
5
What is the units digit of 1422428?
8
What is the units digit of 3078284?
4
What is the tens digit of 1164217?
1
What is the units digit of 13759735?
5
What is the units digit of 155153?
3
What is the ten thousands digit of 697924?
9
What is the tens digit of 3489063?
6
What is the hundreds digit of 1669694?
6
What is the tens digit of 61640?
4
What is the hundred thousands digit of 7243514?
2
What is the millions digit of 4500281?
4
What is the units digit of 11738438?
8
What is the hundreds digit of 1247247?
2
What is the thousands digit of 89213?
9
What is the tens digit of 6546424?
2
What is the hundreds digit of 9119660?
6
What is the thousands digit of 18752?
8
What is the ten thousands digit of 13952859?
5
What is the hundred thousands digit of 3244836?
2
What is the units digit of 521061?
1
What is the tens digit of 1887403?
0
What is the hundreds digit of 17401105?
1
What is the thousands digit of 1284243?
4
What is the hundreds digit of 30621?
6
What is the ten thousands digit of 176445?
7
What is the ten thousands digit of 130490?
3
What is the ten thousands digit of 565779?
6
What is the hundreds digit of 67375?
3
What is the millions digit of 1534455?
1
What is the hundreds digit of 1069548?
5
What is the hundreds digit of 40941?
9
What is the hundreds digit of 537366?
3
What is the hundred thousands digit of 6989580?
9
What is the hundreds digit of 1714031?
0
What is the thousands digit of 580165?
0
What is the ten thousands digit of 456139?
5
What is the units digit of 29632?
2
What is the hundreds digit of 1053109?
1
What is the tens digit of 359759?
5
What is the tens digit of 65615?
1
What is the millions digit of 2497545?
2
What is the hundred thousands digit of 586455?
5
What is the tens digit of 4605314?
1
What is the hundreds digit of 475301?
3
What is the ten thousands digit of 979210?
7
What is the hundred thousands digit of 2422515?
4
What is the units digit of 1067835?
5
What is the ten thousands digit of 226566?
2
What is the ten thousands digit of 2592000?
9
What is the hundreds digit of 229486?
4
What is the tens digit of 38506175?
7
What is the ten thousands digit of 4748087?
4
What is the hundreds digit of 2012941?
9
What is the ten thousands digit of 3406085?
0
What is the units digit of 10998533?
3
What is the ten thousands digit of 4874734?
7
What is the hundred thousands digit of 2047715?
0
What is the ten millions digit of 13233003?
1
What is the hundreds digit of 8246041?
0
What is the tens digit of 13120945?
4
What is the hundreds digit of 19710960?
9
What is the tens digit of 1500204?
0
What is the hundreds digit of 478752?
7
What is the hundreds digit of 21102035?
0
What is the thousands digit of 82544?
2
What is the hundreds digit of 2806739?
7
What is the tens digit of 9790?
9
What is the millions digit of 16550788?
6
What is the hundred thousands digit of 845230?
8
What is the hundred thousands digit of 3360575?
3
What is the ten thousands digit of 493034?
9
What is the ten thousands digit of 5415279?
1
What is the tens digit of 547200?
0
What is the ten millions digit of 22837418?
2
What is the hundreds digi